u + 52*u - n = 0. What is the thousands digit of u?
1
Let d(f) = -1650*f - 1693. What is the units digit of d(-2)?
7
Let y = -482 - -1758. What is the hundreds digit of y?
2
Let h be (1 - 3)/((-3)/(-12)). Let i(y) be the third derivative of y**5/15 + y**4/3 - 7*y**3/2 + 141*y**2. What is the tens digit of i(h)?
7
Suppose 8*c - 21324 - 11404 = 0. What is the tens digit of c?
9
Suppose -4*w - 3*a = 3, 0 = 4*a - 7 + 11. Suppose w = -6*z + 3137 + 2587. What is the hundreds digit of z?
9
Suppose 2 = -o - 2*z, o = -0*o + 4*z + 10. Suppose 0 = -u - 4*x + 36 + 303, o*x + 2 = 0. What is the tens digit of u?
4
Suppose -1495 = -o - 366. Let r = o + -484. What is the hundreds digit of r?
6
Let b = -239 + 241. Suppose 5*w - b*s = 3*s + 430, -5*w - 4*s + 466 = 0. What is the units digit of w?
0
Let s = 29 - 27. Suppose s*h - 618 = -3*a - a, 0 = -a - 2*h + 162. What is the tens digit of a?
5
Suppose -14*q + 9*q = -135. Let o = q - 18. Suppose 7*r - o - 5 = 0. What is the units digit of r?
2
Let f be (3 - (-31)/(-11)) + (-704250)/165. Let s = -3026 - f. What is the units digit of s?
2
Let m(w) = 2129*w + 7556. What is the thousands digit of m(18)?
5
Suppose -4*p = -2*y, 0 = -2*p - 6*y + 3*y + 16. Suppose 0 = -p*h - 19 + 9. What is the units digit of (-336)/h + (-4)/20?
7
Let a(n) = 707*n**2 - 29*n - 85. What is the hundreds digit of a(-5)?
7
Let s(q) = 1191*q**3 - 4*q**2 + 4*q - 1. Let h be s(2). Suppose 45*y = 27021 + h. What is the hundreds digit of y?
8
Let p(s) = 77*s + 43. Let w(u) = 153*u + 87. Let y(l) = 9*p(l) - 4*w(l). What is the units digit of y(3)?
2
Let c = 5787 + -2021. What is the units digit of c?
6
Let p be (-54)/(-10) + -5 - 423/(-5). Let f = p - 8. What is the tens digit of f?
7
Suppose 139 = 11*i - 741. Suppose -i = -s - 5*c + 105, -3*c - 648 = -4*s. What is the tens digit of s?
6
Suppose 0 = 4*w - 2*a - 36004, 13049 = 3*w + 6*a - 13909. What is the hundreds digit of w?
9
Suppose -367 - 5499 = -5*n + 2*a, 4*a = -n + 1160. Suppose -230*h - n = -232*h. What is the units digit of h?
6
Suppose 4*x + x - 20 = 0. Suppose 0 = x*k - 6 - 2. Let b = k + 57. What is the tens digit of b?
5
Suppose 0 = -8*m + 6*m + 786. Let k = m + 24. What is the units digit of k?
7
Suppose -50*f = -54*f + 28. Suppose -f*r - 93 = 5. What is the hundreds digit of (-1968)/r - 3/(84/16)?
1
Let p = 36 + -31. Suppose b - 2 = 3*x, 4*x = 2*x - p*b + 10. Suppose -3*y + 4*y - 118 = x. What is the units digit of y?
8
Suppose -8*u + 7*u - 4 = 0. Let i(h) = 5*h - 1. Let v be i(u). What is the hundreds digit of (-14)/v + 668/6?
1
Let d = 17840 - 9759. What is the hundreds digit of d?
0
What is the units digit of 1875 + 0 - (23 + -11)/(-12)?
6
Let o(f) = -17*f**3 + f. Let c be o(-1). Let g be (5 - 3)*3/(-2)*-15. Let n = g - c. What is the units digit of n?
9
Let v = 902 - -192. Let y = v + -97. What is the units digit of y?
7
Let k = -20355 + 35210. What is the units digit of k?
5
Let u(a) = -10*a + 1. Let j be u(3). Let t = 37 + j. Let q(s) = 3*s - 9. What is the units digit of q(t)?
5
Suppose p = 8*p - 35. Suppose 0*o + b = o - 88, -p*o = -b - 432. Let q = 145 - o. What is the units digit of q?
9
Let p = -581 - -593. What is the hundreds digit of -3 - (p + -1)*-73?
8
Let w be 3279/(-5) + 0 - (-8)/(-40). Let l = w + 1194. What is the hundreds digit of l?
5
Let k be 24*(0 - 1 - 21/(-7)). Suppose 9*g = 11*g - k. Suppose -390 = -26*a + g*a. What is the hundreds digit of a?
1
Let b = 71 + -39. Suppose 4*a = -0*u + u + b, -3*u - 2*a = 138. Let c = 76 + u. What is the units digit of c?
2
Suppose -1905 = 4*u - q, -5*u + 31*q - 32*q - 2379 = 0. Let b = u - -575. What is the units digit of b?
9
Let a(c) = -8 + 655*c**3 + 658*c**3 - 8*c**2 + 6*c - 1312*c**3. What is the tens digit of a(11)?
2
Let w(a) = -22*a + 57. Let k(y) = 10*y - 28. Let x(s) = -5*k(s) - 2*w(s). Suppose 2*g = 5*g + 15. What is the tens digit of x(g)?
5
Let c(b) = -8*b**3 - b**2 - b + 51. Let y be c(-5). Let a = y - 660. What is the hundreds digit of a?
3
Suppose b - 14 = -6*b. Suppose -4*s = 2*z - 6*s + b, 0 = 2*z + 4*s + 32. What is the units digit of z/((-12)/98) - 4?
5
Suppose -137*k = -85*k - 950352. What is the hundreds digit of k?
2
What is the ten thousands digit of -5 - (1780 + (-5 - -12))*-20?
3
Let k = 544 + -381. Suppose 0 = 6*d - k - 149. What is the units digit of d?
2
Suppose 10*r = 3216 + 1674. Let i = -169 + r. What is the units digit of i?
0
Suppose 583*z + 44979 = 616*z. What is the tens digit of z?
6
Let z(g) = 12*g + 3691. What is the thousands digit of z(37)?
4
Suppose 3*o - 5*o - 4*v - 4 = 0, 5*o - 4*v + 24 = 0. Let u(k) = -4*k**3 - 5*k**2 + 3*k + 36. What is the units digit of u(o)?
0
Let r = -75 + 80. Suppose 0 = 2*g - r*g + 12. Suppose 5*b = s - 2*s + 183, -g*s + 2*b = -622. What is the units digit of s?
8
Let p(l) = l**3 + 7*l**2 - 9*l + 1. Let k = 38 + -48. Let o be 0 + -12 + (-6 - k). What is the units digit of p(o)?
9
Suppose p = -4 - 1, 0 = 5*s - 5*p - 115. Suppose -19*m + 25 = -s*m. Let i = 98 + m. What is the hundreds digit of i?
1
Let f = 31427 + -19734. What is the hundreds digit of f?
6
Let a be (-88*(-1)/3)/(140/(-630)). Let o = 689 + a. What is the tens digit of o?
5
Let z(d) = -32*d**3 + 1. Let b be z(1). Let r = 66 + b. Let o = 49 - r. What is the tens digit of o?
1
Let r = 7072 + -7037. What is the tens digit of r?
3
Suppose 330825 + 32379 = 76*m. What is the thousands digit of m?
4
Suppose -h + 0*h - 2*j = 0, 2*j = -4*h + 6. Suppose 0*n = -0*n + h*n. Suppose 66 = 3*m + 3*r, n*m - 64 = -3*m - 2*r. What is the units digit of m?
0
Suppose 6*l = 2*l + 16. Suppose 4*o - 7 = -l*r - 19, 2*r + 8 = -4*o. What is the tens digit of r/2*62/(-1)?
6
Let i(c) = -2360 + 67*c - 2344 - 17*c + 4847. What is the units digit of i(9)?
3
Suppose -3*x = -5*q - 24, -11*x + 6*x = -5*q - 30. Let k be (2 - (-1)/4)*244. Suppose -x*b = 6*b - k. What is the units digit of b?
1
Suppose -37*g - 3*j = -42*g - 78, -80 = 5*g - 5*j. What is the tens digit of 819/15 - 6/g?
5
Let d be (-39)/26*4/6. What is the units digit of 21780/30 + -10*d/2?
1
Suppose 0*t = -2*j - 2*t + 10, -t - 7 = -2*j. What is the units digit of 95 + (4/j - -3)?
9
Let m = 1549 - 1451. Let z(k) = 8*k**2 - 6*k - 1. Let t be z(-5). Let p = t - m. What is the units digit of p?
1
Suppose -5*v - 84 = -19*v. What is the hundreds digit of (-1 - ((-640)/15 + 4))*v?
2
Let z = 47302 - -6576. What is the hundreds digit of z?
8
What is the tens digit of ((-157108)/42 + 8)*(-3 - 0)?
9
Suppose -4*p - 5*c = -2010, 15*c - 3*c + 24 = 0. What is the hundreds digit of p?
5
Suppose 0*j + 5*j - v = -385, -2*v = 2*j + 166. Let d = 377 + -259. Let h = d + j. What is the tens digit of h?
4
Let s(x) = -4*x - 3. Let r be s(1). Let z(g) = -g**3 - 4*g**2 - 30. What is the tens digit of z(r)?
1
Suppose 20*c - 16*c + 16 = 0, 4*a + 3*c - 53164 = 0. What is the ten thousands digit of a?
1
Let d(k) = 40*k**3 - 80*k**2 + 33*k - 55. What is the units digit of d(11)?
8
Let h = 12077 - -3588. What is the units digit of h?
5
Let b(n) = -153*n**3 + 5*n**2 + 11*n + 5. What is the hundreds digit of b(-3)?
1
Let p be 4 + 1 + (29 - 31). Suppose -3*o - 2*s = p*s - 974, -4*o + 1296 = 4*s. What is the tens digit of o?
2
Let a = 550 + -338. Suppose 0 = -211*l + a*l + 599. Let g = -326 - l. What is the units digit of g?
3
Let u(s) = -177 + 1414*s - 1386*s + 30 + 351 + 389. What is the units digit of u(0)?
3
Suppose i - 7276 = -4*x, 4*i = 4*x + 1365 - 8621. What is the tens digit of x?
1
Suppose 21*a - 252 = 3*a. Suppose 549 = a*y - 123. What is the tens digit of y?
4
Let t(h) = 1683*h - 3206. What is the tens digit of t(28)?
1
Suppose 3*o - 852 = 276. Suppose o = 4*k - 0*k. What is the units digit of k?
4
Let b(g) = -g**3 + 18*g**2 - 16*g - 21. Let c be b(17). Let w(t) = -13*t**3 - 21*t**2 - 8*t + 3. What is the hundreds digit of w(c)?
5
Suppose -3*c = -34*c - 744. What is the units digit of 3/((90/c)/(-5)) + 30?
4
Suppose 5*x = -49 - 1. Let q(m) = 3*m**2 + 22*m - 13. Let i be q(x). Suppose -c + 0 = -i. What is the tens digit of c?
6
Let d = 24403 + -15264. What is the tens digit of d?
3
Let j = -36899 - -55890. What is the hundreds digit of j?
9
Let n be (26/(-6) + 2)/((-32)/(-96)). Let p be 60 - -1 - (n + 11). What is the tens digit of 42/(-2)*(-209)/p?
7
Let f(d) = 7*d**3 + 14*d**2 + 11